v(-4) is divided by 1/(2/a - -1)?
0
Let y(s) = 4*s - 1. Let f be y(1). Suppose 0 = -2*m - 10, -m = -5*a + f*m + 90. What is the remainder when 39 is divided by a?
11
Let w = -2 - -4. Suppose 0 = -2*c - w + 4. Let j(x) = 38*x**2 - 2*x + 1. Calculate the remainder when j(c) is divided by 19.
18
Let w = 105 + -98. What is the remainder when 12 is divided by w?
5
Suppose 5*r = 3*k - 45, -3*k + 3*r + 36 = r. Calculate the remainder when 88 is divided by k.
8
Let s = 4 + 21. Suppose -5*j = -3*j + 24. Let i = j + 21. Calculate the remainder when s is divided by i.
7
Let n(k) = 4*k**2 - 3*k**2 + 13*k**2. What is the remainder when 41 is divided by n(1)?
13
Let j = -130 + 171. What is the remainder when j is divided by 15?
11
Suppose 2*u = -2*u - 116. Let i = -12 - u. What is the remainder when 65 is divided by i?
14
Let j(u) be the third derivative of -u**4/8 - u**3/3 + 2*u**2. Let g be j(-9). Let c = g - 13. What is the remainder when 34 is divided by c?
10
Suppose -4*s + 13 = -3. What is the remainder when 7 is divided by s?
3
Let l(d) = -d**3 - 7*d**2 - d - 1. Suppose 2*s = w + 5*s - 4, 36 = w - 5*s. What is the remainder when w is divided by l(-7)?
4
Calculate the remainder when 16 is divided by (-21)/(-2) + 36/(-24).
7
What is the remainder when (-14)/28 - 98/(-4) is divided by 9?
6
Let r(x) = -2*x**3 - x + 1. Let i be r(2). Let o = i - -24. Calculate the remainder when o is divided by 3.
1
Suppose 12 = 2*z - 4. What is the remainder when 53 is divided by z?
5
Let k(w) = -w + 1. Let m be k(-11). Suppose m = 5*o - 3*o. Let l = 18 + -9. Calculate the remainder when l is divided by o.
3
Let o(y) be the first derivative of -y**4/4 + 4*y**3/3 - 2*y**2 + y - 3. Let u be o(3). Calculate the remainder when 16 is divided by (6/10)/(u/(-30)).
7
Suppose -r = -39 - 16. Suppose 0*v - v = 3*k - 10, -2*k - v = -5. Suppose -k*f + 0*f = -r. What is the remainder when f is divided by 4?
3
Let x(l) = l**2 - 6*l. Let n be x(6). Let o(m) = m + 8. Let y be o(n). Let i(a) = -a**3 + 7*a**2 + 7*a + 10. What is the remainder when i(y) is divided by 2?
0
Suppose 18 = 3*c - 3. Let t = 19 + -11. Suppose t + c = 5*m. Calculate the remainder when 5 is divided by m.
2
Let u(h) = h - 7. Let l(p) = 2*p - 13. Let w(d) = 2*l(d) - 5*u(d). Calculate the remainder when 11 is divided by w(5).
3
Let t = 50 - 15. Suppose o - t = -0*o. What is the remainder when o is divided by 18?
17
Suppose 57 = 3*g - 3*b + 18, 2*b + 62 = 4*g. Calculate the remainder when 49 is divided by g.
13
Let j(v) = -4*v**2 + 4 - 1 + 5*v**2 + 4*v - 3*v. Calculate the remainder when 8 is divided by j(0).
2
Let x = 25 + -14. Suppose 5 = 4*l - x. Suppose 3*w = -4*g + 53, -2*g + 2*w + 23 = 7. What is the remainder when g is divided by l?
3
Let j(q) = -27*q - 29. Calculate the remainder when j(-5) is divided by 27.
25
Suppose 4*s - 158 - 54 = 0. What is the remainder when s is divided by 18?
17
Suppose -4*t = 2*z + 42, 30 = 5*t - 4*z + 76. Let f = 114 - -43. What is the remainder when 4/t + f/5 is divided by 16?
15
Let r(x) = -x**3 - 3*x**2 + 4*x + 5. Calculate the remainder when r(-5) is divided by 19.
16
Suppose 2*i = -0*i + 36. Let j(o) = -5*o - 7. What is the remainder when j(-12) is divided by i?
17
Suppose -5*o + 0*l + 296 = 2*l, -3*o - 5*l = -189. What is the remainder when o is divided by 15?
13
Suppose 7 = -4*p - 3*k + 20, 0 = -5*p - k + 30. What is the remainder when 48 is divided by p?
6
Suppose -2*d + 107 = 5*c, 5*d + 6*c - 10*c = 317. Suppose 0*a = -w - 3*a + 15, -5*w = -a - 107. What is the remainder when d is divided by w?
19
Let x(p) be the first derivative of -5*p**4/12 - p**2/2 + 1. Let j(o) be the second derivative of x(o). Calculate the remainder when 29 is divided by j(-1).
9
Suppose 3*z - 5*z = 0. Suppose z = 2*k - 0*k - 110. What is the remainder when k is divided by 14?
13
Suppose -4*z + 4*a + 72 = 0, -2*a - 30 = -2*z + 3*a. Calculate the remainder when 78 is divided by z.
18
Suppose 2*o + 5*w = -12, 1 + 0 = -3*o + w. Let b = o + 1. Suppose b = -4*i + 15 + 17. Calculate the remainder when 23 is divided by i.
7
Let o(n) = -n**3 + 8*n**2 + 12*n. What is the remainder when o(9) is divided by 4/12 + 40/6?
6
Let c be (1 - -1 - 1)*8. Suppose 155 = c*y - 3*y. Suppose -33 = -5*u + 47. What is the remainder when y is divided by u?
15
Suppose 36 = 4*l + 4. Suppose n + 3*x = l*x + 25, -2*n = -4*x - 26. Calculate the remainder when 14 is divided by n.
4
Let k = -26 - -60. Suppose 3*u + 4*f - 2 = 4*u, 3*f = -u + 5. Suppose 3*n + u*n + 4*a = 40, -2*a - 58 = -4*n. Calculate the remainder when k is divided by n.
10
Let v(q) = q**2 - 3*q + 1. Let s be v(1). Let f be (1/(3/(-15)))/s. Calculate the remainder when 10 is divided by f + 1 + (-1 - 1).
2
Suppose -w + 18 + 4 = 3*s, -2*w + 35 = -3*s. Calculate the remainder when 69 is divided by w.
12
Let t be 1/1 + 27 + 0. Suppose -z + t = -35. Suppose -5*p + 3*h = 4*h - z, 41 = 3*p - h. What is the remainder when 37 is divided by p?
11
Let a(w) = w**3 - 9*w**2 + 20*w + 4. Calculate the remainder when 20 is divided by a(6).
4
Calculate the remainder when (-15)/(16/6 - 3) is divided by 23.
22
What is the remainder when -3 - 1 - (-51 + -2) is divided by 25?
24
Suppose 3*o + 2*o + 3*s = 61, -o = -4*s - 3. What is the remainder when 43 is divided by o?
10
Suppose 3*r + 12 = 66. Let q(j) = -22*j + j**3 + 0 - 2*j**2 + 21*j + 4 - 3*j**2. What is the remainder when q(6) is divided by r?
16
Suppose 0 = -4*n - 3*v + 33, 6 + 6 = 3*n - 2*v. Calculate the remainder when 21 is divided by n.
3
Suppose 0 = 3*m + 5*g - 0*g - 36, 3*m = 3*g + 36. Suppose m = -2*q + 4*u, 4*q + 4*u - 28 = 2*q. Calculate the remainder when q is divided by 1.
0
Let y be 2/4*8/1. Suppose 4*f - 3*g = -14 + 94, 4*f = y*g + 84. What is the remainder when f is divided by 9?
8
Let h be ((-4)/10)/((-2)/20). Let w = 2 + 11. Calculate the remainder when (-2 - -4)/(h/98) is divided by w.
10
Let p(n) = -4*n + 1. What is the remainder when 24 is divided by p(-2)?
6
Suppose j = 5 + 16. Calculate the remainder when 60 is divided by j.
18
What is the remainder when ((-52)/65)/(2/(-130)) is divided by 18?
16
Let q = 6 + 0. Calculate the remainder when q is divided by 3.
0
Suppose 0*p = p - 2. Suppose 5*c = p*c + 84. What is the remainder when c is divided by 10?
8
What is the remainder when ((-18)/135*10)/(4/(-114)) is divided by 14?
10
Let r = -52 - -60. Calculate the remainder when 20 is divided by r.
4
Calculate the remainder when (-458)/(-8) - (-5 + 105/20) is divided by 15.
12
Let f = 184 - 84. Calculate the remainder when f is divided by 17.
15
Let n be (6 + 2)*19/2. Let l = -47 + n. Suppose 20 = 2*c - 0*c. What is the remainder when l is divided by c?
9
Suppose 43 = 3*u - 14. Calculate the remainder when 72 is divided by u.
15
Let n = 61 + -31. Let h = -16 - -32. What is the remainder when n is divided by h?
14
Let v(o) = 2*o**2 + o - 1. What is the remainder when 7 is divided by v(-2)?
2
Suppose -40*y + 35*y = -105. Calculate the remainder when y is divided by (-1 - -11) + 3 + -1.
9
Let l(c) = 2*c - 1. Suppose 2*a = -3*a - 25, -4*a = -4*t + 36. Calculate the remainder when 11 is divided by l(t).
4
Suppose -5*r - 10 = -6*r. Calculate the remainder when r is divided by 3.
1
Let g be 551/5 - (-4)/(-20). Suppose -l = -6*l + g. What is the remainder when l is divided by 12?
10
Let a = -2 - -4. Suppose 4*g = -a*z + 50, 0 = 4*z - 3*g + g - 60. What is the remainder when z is divided by 5?
2
Let g(f) = -2*f - 1. Calculate the remainder when 32 is divided by g(-5).
5
Suppose -64 = -111*c + 103*c. What is the remainder when 22 is divided by c?
6
Let o(n) = n**2 + 3*n - 11. Let a be (16/2)/((-3)/(-3)). What is the remainder when o(a) is divided by 20?
17
Suppose -16 = 2*c + 3*t - 1, 5*c + 3*t + 15 = 0. Let q = 0 - c. Suppose q*f = -3*p - 3*f + 30, 5*p - 2*f = 29. Calculate the remainder when 20 is divided by p.
6
What is the remainder when 2*33 - (17 - 17) is divided by 24?
18
Let k(j) = 81 - 70 + 8*j**2 - 4*j**3 + 3*j**3. Let h be ((-8)/(-5))/(1/5). Calculate the remainder when k(h) is divided by 7.
4
Suppose 0 = 2*f - 24 - 4. What is the remainder when 25 is divided by f?
11
Let s(r) = -r**3 - 3*r**2 + 10*r + 2. Calculate the remainder when 9 is divided by s(-5).
1
Let s = 77 - 54. Suppose -3*p = -2*g + s, g - 2*p = p + 